 - 11*r**2 + 895*r + 171. Give j(-24).
3
Let b(h) = -23994*h + 671824. Determine b(28).
-8
Let y(q) = -q**3 - 155*q**2 - 40*q - 30571. Determine y(-156).
5
Let u(i) = -i**3 + 1174*i**2 + 28756*i - 100. Give u(-24).
-196
Let j(w) = -385*w - 58129. Calculate j(-151).
6
Let v(h) = -205*h - 16097. Give v(-79).
98
Let a(y) = -120*y**2 - 2214*y - 649. Calculate a(-18).
323
Let o(q) = 223*q + 53006. Give o(-238).
-68
Let x(p) = p**2 + 235*p - 21821. Give x(71).
-95
Let b(v) = 16*v + 902. Determine b(-39).
278
Let j(l) = -71*l**2 + 4895*l + 120. Give j(69).
-156
Let f(h) = -224*h**2 - 24192*h + 252. Calculate f(-108).
252
Let h(g) = 2156242*g - 17249947. What is h(8)?
-11
Let j(c) = -3*c**2 + 1650*c + 15122. Determine j(-9).
29
Let l(y) = -y**2 + 574*y + 132213. Calculate l(-176).
213
Let d(m) = 90060*m + 90049. Determine d(-1).
-11
Let a(k) = 3*k**3 + 305*k**2 - 421*k - 1196. Determine a(-103).
-269
Let a(c) = 3368*c + 124555. Determine a(-37).
-61
Let r(q) = 12512*q + 825773. Determine r(-66).
-19
Let z(k) = 831*k**2 - 1541*k - 293. Determine z(2).
-51
Let o(u) = 274772*u - 824329. Give o(3).
-13
Let g(w) = w**3 - 83*w**2 - 426*w - 15. Calculate g(-5).
-85
Let i(n) = 13934*n + 752425. Calculate i(-54).
-11
Let g(q) = -3*q**2 + 98*q - 178. What is g(0)?
-178
Let l(m) = 34*m**3 + 3651*m**2 + 1388*m - 311. Calculate l(-107).
10
Let o(s) = -s**3 + 106*s**2 - 213*s + 106. Determine o(104).
-414
Let q(m) = 4*m**3 - 22*m**2 + 10*m - 68. Calculate q(7).
296
Let a(s) = s**2 + 953*s - 6714. Determine a(7).
6
Let j(y) = -13*y**3 + 47*y**2 + 41*y - 3. Give j(4).
81
Let w(f) = -62*f**2 - 2298*f - 142. Calculate w(-37).
6
Let f(x) = -2*x**3 - x**2 + 43*x - 94. Determine f(2).
-28
Let z(i) = -i**3 + 384*i**2 + 1802*i + 1936. Calculate z(-3).
13
Let i(y) = 592384*y - 20141065. Calculate i(34).
-9
Let w(t) = t**2 - 22*t - 198. What is w(33)?
165
Let q(a) = -2*a**2 - 1513*a + 112155. Give q(68).
23
Let d(q) = 6993*q**2 + 27990*q + 60. What is d(-4)?
-12
Let i(d) = 38*d**2 - 66685*d - 209198. What is i(1758)?
4
Let j(i) = -i**3 + 12*i**2 + 288*i - 5. Calculate j(24).
-5
Let c(s) = -106203*s + 530955. What is c(5)?
-60
Let w(u) = -15*u**2 + 8613*u - 76346. Calculate w(9).
-44
Let j(q) = -q**2 - 1675*q + 72066. Give j(42).
-48
Let v(r) = -2*r**3 - 444*r**2 + 1546*r + 245306. Give v(-223).
6
Let x(w) = 2483*w + 9929. Give x(-4).
-3
Let w(s) = 201*s**2 - 218*s - 15. What is w(1)?
-32
Let u(b) = -b**3 + 242*b**2 - 224*b + 54217. Give u(242).
9
Let k(r) = 3*r**3 - 10*r**2 - 1252*r + 2536. Calculate k(2).
16
Let u(c) = 49*c**3 - c**2 - 730*c + 731. Calculate u(1).
49
Let a(p) = 89439*p - 8407279. Determine a(94).
-13
Let w(a) = 4*a - 389. Determine w(-27).
-497
Let s(z) = -z**3 + 6*z**2 - 80*z + 532. What is s(6)?
52
Let f(q) = 308669*q - 4321367. Give f(14).
-1
Let k(r) = -891683*r + 4458418. Calculate k(5).
3
Let g(t) = -t**2 - 251*t - 13556. What is g(-172)?
32
Let d(c) = -18*c**2 + 440*c + 23. Calculate d(21).
1325
Let m(y) = -y**3 + 79*y**2 - 952*y - 24804. What is m(50)?
96
Let l(t) = 2*t**2 - 477*t + 790. Determine l(236).
-390
Let i(l) = 3*l**3 + 63*l**2 - 126*l + 313. Give i(-23).
37
Let v(c) = c**3 + 10*c**2 + 1215*c + 13426. Calculate v(-11).
-60
Let u(p) = -17*p**2 + 3914*p - 1938. Calculate u(229).
2871
Let n(b) = -29*b**2 - 2208*b - 4579. Give n(-74).
9
Let l(j) = j**3 - 656*j**2 + 3922*j + 22. Give l(6).
154
Let i(n) = -7*n**2 - 708*n - 9551. What is i(-16)?
-15
Let d(z) = -10*z**2 - 379*z - 2881. Give d(-11).
78
Let q(x) = -59*x - 124. Calculate q(-2).
-6
Let t(i) = 360*i - 141488. Determine t(393).
-8
Let b(k) = 30297*k + 122579. Calculate b(-4).
1391
Let n(o) = -31*o - 2334. What is n(-76)?
22
Let j(d) = -10*d**2 - 65*d + 493. Calculate j(8).
-667
Let v(d) = -10*d**2 - 26*d + 3885. Calculate v(-21).
21
Let f(h) = -6*h**2 + 284*h + 32419. Calculate f(101).
-103
Let v(f) = -f**3 - 246*f**2 + 1864*f - 650. Give v(7).
1
Let b(u) = -30*u - 3670. Give b(-115).
-220
Let m(k) = -80*k**2 + 745*k + 323. Calculate m(10).
-227
Let d(m) = 47*m**3 + 62648*m**2 - 3999*m - 7. Give d(-1333).
-7
Let u(c) = 2*c**3 - 9*c**2 + 9*c + 117. Determine u(6).
279
Let n(r) = -130*r**3 + 910*r**2 - 454*r + 3179. Calculate n(7).
1
Let i(x) = x**3 - 81*x**2 + 301*x - 5225. Calculate i(78).
1
Let t(g) = 10*g**3 - 239*g**2 - 1243*g + 49. Calculate t(-5).
-961
Let w(c) = -27*c**2 - 6111*c - 2016. What is w(-226)?
18
Let x(h) = h**2 + 359*h + 6438. Calculate x(-19).
-22
Let y(s) = 6*s**2 + 34*s - 1767. Determine y(0).
-1767
Let b(i) = i**3 + 151*i**2 - 494*i - 4856. Calculate b(-154).
72
Let t(n) = -137*n**2 + 918*n - 915. Calculate t(1).
-134
Let a(r) = -15956*r + 95701. Give a(6).
-35
Let c(b) = b**2 - 477*b + 23797. Determine c(54).
955
Let o(c) = 108*c - 11249. Determine o(98).
-665
Let q(i) = 1169*i - 417317. Determine q(357).
16
Let r(p) = -p**2 - 34*p + 4467. What is r(52)?
-5
Let q(f) = -1387*f - 19459. Determine q(-14).
-41
Let q(o) = o**3 - 169*o**2 + 2171*o - 166. Determine q(155).
-11
Let q(s) = s**3 + 591*s**2 + 584*s - 3542. What is q(-590)?
-2
Let p(m) = 30942*m + 433181. What is p(-14)?
-7
Let q(u) = -13853*u + 13851. Determine q(1).
-2
Let r(q) = 27728*q + 110967. What is r(-4)?
55
Let t(w) = -w**3 + 222*w**2 - 1499*w - 1159. Give t(215).
131
Let y(h) = -3*h**2 + 52735*h + 633244. What is y(-12)?
-8
Let x(z) = 3*z**2 + 2460*z + 216003. Determine x(-100).
3
Let p(i) = 16280*i - 2979233. Give p(183).
7
Let j(b) = -6*b**3 - 26*b**2 + 122*b + 200. Determine j(5).
-590
Let b(f) = -4*f**3 - 182*f**2 + 2072*f - 1029. Determine b(-55).
-39
Let j(c) = -3*c**2 - 232*c + 49. What is j(-78)?
-107
Let m(o) = 4*o**2 + 927*o + 10531. Determine m(-12).
-17
Let w(b) = 120348*b - 361051. Determine w(3).
-7
Let l(q) = -2357*q + 228627. What is l(97)?
-2
Let w(m) = -81*m - 12061. What is w(-149)?
8
Let m(g) = 3*g**2 - 1876*g + 67481. What is m(587)?
-24
Let j(x) = 98*x - 27026. Calculate j(275).
-76
Let t(h) = -3*h**3 + 2*h**2 + 149*h + 271. Calculate t(-2).
5
Let h(q) = 2286*q - 72397. Determine h(32).
755
Let m(u) = -u**3 - 134*u**2 + 4581*u - 23797. Calculate m(-163).
1
Let v(x) = 13*x**2 - 110*x - 169. Determine v(10).
31
Let j(z) = -7*z**2 + 3230*z - 49893. Determine j(16).
-5
Let n(y) = y**2 + 775*y - 1553. Determine n(2).
1
Let m(y) = -307289*y - 3994750. Calculate m(-13).
7
Let x(o) = 192*o + 27127. Determine x(-134).
1399
Let t(p) = -9119*p + 72956. What is t(8)?
4
Let i(d) = 397*d - 15821. What is i(41)?
456
Let z(a) = -8*a**3 + 222*a**2 - 1457*a - 73. Give z(17).
12
Let n(u) = -295*u**2 - 87914*u - 1186. What is n(-298)?
6
Let n(p) = -122*p**2 + 1270*p - 375. Determine n(10).
125
Let d(l) = -12320*l + 1515348. Calculate d(123).
-12
Let a(i) = -12867*i + 295926. Give a(23).
-15
Let i(h) = -144*h**2 + 5913*h + 29552. Determine i(-5).
-3613
Let r(p) = 106640*p + 319888. Determine r(-3).
-32
Let q(g) = -1524*g**2 - 242314*g + 409. Calculate q(-159).
91
Let k(x) = x**2 - 253*x + 1498. Calculate k(253).
1498
Let w(r) = -515*r + 5355. Determine w(13).
-1340
Let a(c) = -2*c**3 - 57*c**2 - 1194. Calculate a(0).
-1194
Let g(x) = -10*x**2 + 2689*x + 78. Determine g(269).
-191
Let c(f) = -14*f**3 - 89*f**2 - 29*f + 23. What is c(-6)?
17
Let f(m) = -193*m - 17326. Calculate f(-84).
-1114
Let k(h) = 4*h**2 - 485*h - 11248. Determine k(143).
1193
Let r(i) = 44570*i - 4858134. What is r(109)?
-4
Let q(b) = 6*b**3 - 313*b**2 + 2317*b + 21. Give q(9).
-105
Let k(l) = -5*l**3 + 205*l**2 + 2*l - 109. Give k(41).
-27
Let v(a) = 6*a**3 - 68*a**2 - 15*a - 23. Calculate v(12).
373
Let b(y) = 6*y**3 - 261*y**2 - 404*y + 44. Determine b(45).
89
Let j(s) = -147506*s + 4572690. Give j(31).
4
Let a(v) = -v**3 - 82*v**2 - 487*v + 2849. Give a(-75).
-1
Let b(a) = -45*a - 323. Determine b(-21).
622
Let d(a) = -7*a**2 - 20179*a - 737035. Give d(-37).
5
Let v(f) = -f**3 - 42*f**2 - 66*f + 18. What is v(-2)?
-10
Let d(t) = t**3 + 18*t**2 - 612*t - 563. Determine d(-35).
32
Let q(n) = -111*n + 5833. What is q(53)?
-50
Let p(k) = 7*k**3 - 238*k**2 - 504*k + 180. Give p(36).
180
Let r(f) = -60*f - 3484. Determine r(-43).
-904
Let z(n) = n**3 - 236*n**2 + 6353*n + 456. Calculate z(205).
46
Let n(v) = 799*v + 32773. Determine n(-41).
14
Let s(q) = -11*q**3 + 70*q**2 + 43*q - 258. Calculate s(6).
144
Let x(q) = 2544*q 